alculate the highest common factor of 5751 and 688203.
1917
What is the highest common factor of 24 and 149096?
8
Calculate the highest common divisor of 189 and 3267.
27
Calculate the greatest common factor of 3920 and 2177168.
784
Calculate the highest common divisor of 7065963 and 9.
9
What is the highest common divisor of 10 and 35620?
10
Calculate the greatest common divisor of 18772 and 456.
76
Calculate the greatest common divisor of 719514 and 24282.
1278
What is the greatest common divisor of 975 and 4667?
13
Calculate the greatest common factor of 12375 and 1500.
375
Calculate the greatest common factor of 422 and 973976.
422
Calculate the highest common factor of 5 and 15295.
5
Calculate the highest common divisor of 25927 and 121.
11
Calculate the greatest common factor of 10732 and 84.
4
Calculate the greatest common factor of 13542 and 18.
6
Calculate the greatest common factor of 18 and 54297.
9
Calculate the highest common divisor of 18 and 599418.
18
Calculate the highest common factor of 2325 and 1923240.
465
Calculate the highest common divisor of 77572 and 602.
86
What is the highest common factor of 38 and 198854?
38
What is the greatest common factor of 2450 and 2646?
98
Calculate the highest common divisor of 402 and 279591.
201
Calculate the highest common factor of 125600 and 10.
10
What is the highest common divisor of 179967 and 20331?
753
Calculate the highest common divisor of 89843 and 2288.
13
Calculate the highest common factor of 33633 and 194526.
909
Calculate the greatest common factor of 78 and 30810.
78
What is the highest common factor of 84 and 600292?
28
Calculate the highest common factor of 21250 and 12410.
170
Calculate the highest common factor of 10989 and 6512.
407
What is the highest common factor of 2025 and 18885?
15
Calculate the greatest common divisor of 173092 and 10028.
436
Calculate the greatest common divisor of 150 and 227450.
50
Calculate the greatest common factor of 22034 and 2714.
46
What is the highest common divisor of 2715 and 123?
3
Calculate the highest common divisor of 23276 and 72611.
253
What is the greatest common divisor of 969451 and 7?
7
Calculate the greatest common factor of 12 and 19660.
4
What is the highest common divisor of 1 and 10499?
1
Calculate the highest common divisor of 4480 and 3780.
140
What is the highest common factor of 27379 and 19?
19
What is the highest common divisor of 874 and 31502?
38
What is the highest common divisor of 36225 and 70?
35
What is the highest common divisor of 9 and 1053675?
9
What is the highest common factor of 958869 and 27?
9
What is the highest common factor of 652353 and 2795?
559
Calculate the greatest common factor of 156 and 288717.
39
What is the greatest common factor of 109 and 63111?
109
What is the greatest common factor of 63020 and 23?
23
What is the highest common divisor of 11725910 and 14?
14
What is the greatest common factor of 2016984 and 744?
744
What is the greatest common divisor of 1245 and 20325?
15
What is the highest common divisor of 827197 and 7?
7
What is the greatest common divisor of 11392 and 1869?
89
What is the greatest common factor of 4785 and 891?
33
Calculate the highest common factor of 86 and 116057.
43
What is the greatest common factor of 4605 and 15315?
15
Calculate the highest common factor of 201503 and 667.
23
Calculate the highest common factor of 1586592 and 28.
28
Calculate the greatest common divisor of 20 and 38935.
5
Calculate the highest common divisor of 188 and 754209.
47
Calculate the highest common divisor of 420 and 33432.
84
Calculate the greatest common divisor of 26520 and 697.
17
Calculate the greatest common divisor of 516230 and 390.
130
What is the greatest common divisor of 106080 and 1140?
60
What is the highest common divisor of 828705 and 3?
3
Calculate the greatest common divisor of 16071 and 55.
11
What is the greatest common divisor of 375 and 6015?
15
What is the greatest common factor of 1967 and 536710?
281
Calculate the greatest common divisor of 4025 and 2765.
35
Calculate the greatest common factor of 102366 and 1410.
282
Calculate the greatest common divisor of 394203 and 909.
303
Calculate the highest common factor of 1504 and 136676.
188
Calculate the greatest common factor of 101625 and 225.
75
Calculate the greatest common factor of 574 and 9963.
41
What is the greatest common factor of 303318 and 615?
123
What is the highest common factor of 5038 and 14198?
458
What is the highest common factor of 123669 and 10647?
819
What is the greatest common factor of 36087 and 897?
69
Calculate the highest common divisor of 4680 and 13455.
585
What is the greatest common factor of 54113 and 477?
53
Calculate the highest common factor of 980 and 588.
196
Calculate the greatest common factor of 2358 and 3636.
18
Calculate the highest common factor of 59428 and 5549.
179
Calculate the greatest common factor of 470 and 32383.
47
What is the highest common divisor of 184813 and 1507?
137
Calculate the highest common factor of 27626 and 418.
38
Calculate the greatest common divisor of 43270 and 4.
2
What is the greatest common divisor of 633150 and 27?
27
What is the greatest common divisor of 576 and 50112?
576
What is the greatest common divisor of 179060 and 30?
10
What is the greatest common divisor of 54 and 15786?
18
What is the greatest common factor of 3312 and 16767?
207
Calculate the highest common factor of 940434 and 6.
6
Calculate the greatest common divisor of 46697 and 4704.
49
Calculate the highest common factor of 2486 and 3390.
226
Calculate the highest common factor of 519 and 101551.
173
What is the greatest common divisor of 13600 and 3176960?
2720
What is the highest common divisor of 34 and 7939?
17
Calculate the highest common factor of 59824 and 288.
16
Calculate the greatest common factor of 173032 and 2.
2
What is the greatest common factor of 1839475 and 825?
275
What is the highest common divisor of 7 and 333361?
7
What is the greatest common factor of 32 and 82?
2
What is the highest common divisor of 144 and 275742?
18
What is the greatest common divisor of 290 and 2680?
10
Calculate the highest common factor of 33 and 45122.
11
Calculate the highest common factor of 41877 and 5170.
517
Calculate the highest common divisor of 3200 and 2780.
20
What is the greatest common factor of 26574 and 1032?
258
Calculate the highest common divisor of 46075 and 7178.
97
What is the greatest common divisor of 168 and 642684?
84
What is the highest common factor of 858 and 1573?
143
What is the highest common divisor of 51 and 1290963?
51
What is the greatest common factor of 8 and 2188992?
8
What is the greatest common divisor of 25552 and 28?
4
What is the greatest common divisor of 1791712 and 767?
767
What is the highest common factor of 822 and 1686?
6
Calculate the highest common divisor of 20079 and 81.
9
What is the greatest common divisor of 304 and 8341?
19
Calculate the greatest common factor of 6172 and 232.
4
Calculate the greatest common factor of 19406 and 279.
31
What is the highest common factor of 730136 and 176?
88
What is the greatest common divisor of 92 and 9246?
46
Calculate the greatest common factor of 2795 and 3250.
65
Calculate the highest common divisor of 372501 and 9.
9
Calculate the highest common factor of 1323 and 1508661.
441
Calculate the greatest common factor of 184 and 568.
8
Calculate the highest common divisor of 36154 and 32.
2
What is the greatest common factor of 13340 and 21460?
580
What is the greatest common divisor of 128 and 5104?
16
What is the greatest common divisor of 4559515 and 5?
5
Calculate the highest common factor of 31233 and 22976.
359
Calculate the greatest common factor of 4777741 and 173.
173
Calculate the highest common divisor of 111474 and 1881.
99
Calculate the highest common divisor of 9191171 and 22.
11
What is the greatest common factor of 9677941 and 637?
637
Calculate the greatest common divisor of 92287 and 13299.
403
What is the greatest common factor of 71 and 2127657?
71
Calculate the highest common divisor of 235757 and 431.
431
Calculate the highest common divisor of 35524 and 830.
166
Calculate the highest common factor of 263104 and 256.
64
What is the highest 